 y(z)?
6
Let v(f) = -1 + 18*f - 6 + 8. Give v(1).
19
Let s(h) = 26*h**2 - 2*h + 1. Let y be s(1). Suppose -4*m - 6*p = -p + 9, 5*p + y = 0. Let i(l) = -6*l + l**3 + 4*l**2 + 4*l + 3 - 2*l**3. Calculate i(m).
-5
Let o(n) = n**2 - 3*n - 5. Suppose 8*d - 3*d + 5*r = 0, 0 = 2*d + 3*r + 2. Suppose -4 = -3*l + d*l. Calculate o(l).
-1
Let b(r) = -r**2 + r. Let o(g) = -g**3 - 3*g**2 + 7*g + 1. Let u(h) = -5*b(h) + o(h). Let q(v) = v**2 - 6*v - 13. Let f be q(8). What is u(f)?
-2
Let t(m) = -7*m**2 + 15*m + 4. Let n(q) = -3*q**2 + 7*q + 2. Let f(b) = 9*n(b) - 4*t(b). Suppose -4*h + 4*l - 8 = 0, -h + 5*l - 3*l = 0. Determine f(h).
6
Let f = -21 - -18. Let k(t) = -t**3 - t**2 + 3*t. What is k(f)?
9
Let q(p) = p + 1. Let d be q(2). Let z(r) = -4*r**d - 2*r**2 + r + r + 3*r**3. Let u(x) = -x + 8. Let v be u(6). What is z(v)?
-12
Let r = 3 - 4. Let n(u) be the first derivative of 3 + 0*u**2 - u + 5/3*u**3. Determine n(r).
4
Let i(v) = -v + 8. Let u = -49 - -56. Give i(u).
1
Let w(d) be the third derivative of -d**5/60 + d**4/24 + d**3/3 - 5*d**2. Determine w(0).
2
Suppose -5*t = -10*t. Let l(z) be the third derivative of 1/60*z**5 + t + 0*z - 2/3*z**3 + 3*z**2 + 1/8*z**4. Determine l(-3).
-4
Let q = 0 - -6. Let x be (5/(-3))/(2/q). Let t(u) = u**2 - 7. Let g(o) = -2*o**2 + o + 15. Let f(n) = -3*g(n) - 7*t(n). Determine f(x).
-6
Let o(n) = -2*n**2 - 6*n + 5. Let f(j) = j**2 + 1. Let w(i) = f(i) + o(i). Calculate w(-6).
6
Let x(y) = 3*y**2 + 2*y + 10. Let o(b) = -b**2 - b - 3. Let v(l) = -17*o(l) - 6*x(l). Determine v(6).
-15
Let q(c) = 7*c**3 + 15*c**2 + 5*c - 6. Let z(p) = -3*p**3 - 7*p**2 - 2*p + 3. Let b(j) = 2*q(j) + 5*z(j). What is b(-5)?
3
Let y = -21 - -17. Let f(l) = -2*l**2 - 5*l - 6. Calculate f(y).
-18
Let c(a) = -8*a**2 + 100*a**3 - 6 - 101*a**3 + 3*a**2. What is c(-5)?
-6
Let m be (-18)/(-12)*(-8)/(-3). Let i(j) = -2*j**2 + 7*j - 2. Let c be i(m). Let d(f) = f - 5. Calculate d(c).
-11
Suppose -2*j + 6*j = 16. Suppose -j = 2*u + i, 4*u + 13 = -u - 4*i. Let d(p) = 5*p**3 + 2*p**2 + p. Calculate d(u).
-4
Let u(c) = c**3 - 7*c**2 + 8*c - 5. Let x be 8/(-12)*15/(-2). Suppose -z + x*z = -2*m + 16, -4*z + 22 = 3*m. What is u(m)?
7
Suppose 2*i = 5*v + 4, 3*i + 2*v - 6 = 4*v. Let r be (-1*i)/(-2) + 0. Let d(n) = 6 + n**2 + 2 - 7 - 4*n**2. Give d(r).
-2
Suppose 0 = -0*u + u + 5. Suppose 4*q + 5 = 13. Let z(d) = 6*d - 4*d**2 - 3*d**3 + 5 - 4 + 4*d**3 + 10*d**q. Give z(u).
-4
Let f(p) = -p**3 - p**2 + p. Let g(y) = y**2 - y + 1. Let i(t) = 2*f(t) + g(t). Suppose -2*u - a - 21 = 0, 1 = -2*a - 5. Let k = -10 - u. Give i(k).
1
Let w be 26/6 - (19 + -15). Let k(x) be the first derivative of -2*x**2 + x + 3 - w*x**3. Calculate k(-5).
-4
Let r = -129/2 + 65. Let q(p) be the first derivative of -r*p**2 - 4*p - 1/4*p**4 - 2*p**3 + 1. Give q(-6).
2
Let l(x) = x + 3 + x - 1 - 1. Calculate l(-3).
-5
Let j(p) = p**3 + 6*p**2 + 5*p - 2. Let k be j(-5). Let d(z) be the second derivative of 5*z**4/12 + z**3/3 - z**2 - 2*z. Give d(k).
14
Let g(o) = -5*o**3 + 3*o**2 - 2*o. Let u(x) be the first derivative of x**4/4 - x**3/3 + x**2/2 + 1. Let t(f) = g(f) + 3*u(f). Let a = -6 + 7. Calculate t(a).
-1
Suppose 0 = -4*j + j + 5*u - 9, 3*j = -4*u + 18. Let t(r) be the first derivative of 3/2*r**2 - 5/3*r**3 - 1/4*r**4 + j + 4*r. What is t(-5)?
-11
Suppose 3*k - t + 3 = 2*k, 4*t - 14 = 3*k. Let y(a) = 0*a**2 + 4*a - a**2 + 3 - 2. What is y(k)?
5
Let c(g) = g**3 - 2*g**2 - 5*g - 3. Let q = 73 - 38. Let p be ((-8)/(-7))/(10/q). Determine c(p).
9
Let z(m) = -m**2 + 6. Let j be 25/10*2 - 5. What is z(j)?
6
Let p(c) = -c**2 - 2*c + 3. Let o be (1/(-2))/(3/30). Let u(v) = v**2 + 5*v + 6. Let r be u(o). Suppose -3*n - 18 = 2*q, 5*q = -2*n + r*n + 1. Determine p(q).
0
Let c(z) = -4*z**3 - 9*z**2 - 7*z - 5. Let s(m) = -11*m**3 - 26*m**2 - 21*m - 14. Let n(h) = 8*c(h) - 3*s(h). Give n(-5).
-8
Let f(d) = -2*d - 2. Let b = 34 - 32. Calculate f(b).
-6
Let r(b) be the third derivative of b**6/120 + b**5/15 + b**4/6 + b**3/6 + 3*b**2. Suppose 2 = -q - 1. What is r(q)?
-2
Let w(f) be the third derivative of -f**6/120 - f**5/30 + f**4/8 - f**3/3 + 4*f**2. Determine w(-3).
-2
Let w(m) = 2*m**3 - 2*m**2 + 2*m - 1. Let p(u) = -3*u + u - 7 + 3*u. Let a be p(10). Let n be ((-1)/a)/(4/(-12)). Give w(n).
1
Let g(d) = d**3 - 7*d**2 + 6*d + 4. Suppose -7*o = -c - 4*o + 18, -2*o - 26 = -3*c. Calculate g(c).
4
Let x = -8 + 3. Let q(t) = -15*t**2 - 25*t - 25. Let m(y) = 7*y**2 + 12*y + 12. Let b(j) = 13*m(j) + 6*q(j). Determine b(x).
1
Let u(g) = -g + 5. Let h(q) = 5*q - 26. Let b = -3 - -5. Let x(o) = b*h(o) + 11*u(o). Give x(3).
0
Let a(m) be the second derivative of 0 - 1/2*m**2 + 2*m + 1/6*m**3. What is a(1)?
0
Let k(h) = 8*h + 1. Let o = 36 + -18. Suppose -o = 2*l - 5*x, 0*x + 12 = 4*l + 2*x. What is k(l)?
9
Let j(r) = -223 + 447 - 4*r**2 - 225 - 3*r + 2*r**2. What is j(-2)?
-3
Let o(x) = -x - 1. Suppose 18*f - 19*f - 5 = 0. Calculate o(f).
4
Let o(k) be the third derivative of k**4/12 + 7*k**3/6 + k**2. Suppose 19 = -3*g + 4. Give o(g).
-3
Let o(c) = -4*c**2 - c + 1. Let j be o(1). Let w be 1/4 + (-19)/j. Let d be w/2 - 1/(-2). Let b(t) = -t**3 + 2*t**2 + 2. Determine b(d).
-7
Suppose -8*r = 3*r + 55. Let m(j) = 2*j + 5. Give m(r).
-5
Let d(l) = -l**2 + 7. Suppose -x = x + 2*x. Determine d(x).
7
Let l(p) = 3*p**2 - p + 1. Let b(v) = 4*v**2. Let m(y) = -2*b(y) + 3*l(y). What is m(3)?
3
Let y(d) = 6*d**2 - 2*d + 11. Let u(s) = 5*s**2 - s + 10. Let r(h) = -5*u(h) + 4*y(h). Determine r(-4).
-10
Let f = 5 + -3. Let c(q) = -q**3 + 1 + 3*q**3 - q**f + 4*q - q - 4*q**3. What is c(-2)?
7
Let z(r) = 5*r**3 - 8*r**2 - 3. Let t(l) = l - 15*l**2 + 2*l**3 + 9*l**3 - 2*l**2 - 7. Let u(i) = 4*t(i) - 9*z(i). Suppose 0 = -q - 3 + 8. Calculate u(q).
-6
Let n be 6/(-4)*50/(-15). Let h = n - 11. Let y(k) = k**3 + 5*k**2 - 7*k - 7. Give y(h).
-1
Suppose 0 = 6*g - 12 - 12. Let k(b) = -b - 1. Determine k(g).
-5
Let k(w) = 2 - 5 - 17*w**2 + 16*w**2 - 6*w. Give k(-6).
-3
Let r(y) = y**2. Let j(s) = -s**3 + 3*s**2 - 2*s + 3. Let x(d) = d + 1. Let c be x(5). Let w(u) = c*r(u) - j(u). Suppose 0 = -4*z + 7 - 19. Give w(z).
-9
Let l(j) be the second derivative of -1/6*j**3 - 1/20*j**5 + j + 5/2*j**2 + 0 + 0*j**4. Determine l(0).
5
Let y(t) = -t - 8. Let n = -42 + 35. What is y(n)?
-1
Let z(x) = -5*x**3 + x - 13 + 4*x**3 + 18 - 5*x**2. Give z(-5).
0
Let y(p) = p**3 + 2*p**2 - 2*p + 3. Suppose -c + 3 = -6*c - 4*z, 3*c + 5*z = 6. What is y(c)?
0
Let v(t) be the first derivative of -t**6/360 + t**5/120 + t**4/3 + 4*t**3/3 - 3. Let i(y) be the third derivative of v(y). Determine i(0).
8
Let n(j) = -j**2 + 9*j + 7. Let u be n(9). Let g(v) = -v + v - u - v. Calculate g(-5).
-2
Let z(i) be the third derivative of -i**4/24 + 4*i**3/3 + 3*i**2. What is z(6)?
2
Let x be -4 - 0/(25/5). Let o(a) = 2*a**2 - 7*a + 1. Let m(j) = -j**2 + j. Let h(v) = -2*v + 1. Let q be h(2). Let f(w) = q*m(w) - o(w). Calculate f(x).
-1
Suppose k = -13 + 3. Let o be (-24)/(-13) - k/65. Let g(d) be the second derivative of -d**5/20 + 5*d**4/12 - d**3/3 - d**2/2 + 2*d. Determine g(o).
7
Let m(a) = -a + 4. Let k(h) = -h**3 + 8*h**2 - 6*h - 1. Let t be k(7). Determine m(t).
-2
Let b(q) = q**3 - 4*q**2 - 7*q + 7. Let d(t) = -t**3 - 7*t**2 - 8*t. Let o be d(-6). Suppose -o - 3 = -3*z. Calculate b(z).
-3
Let g(t) = t + 5. Suppose 8*i - 3*i + 5 = 4*z, 5*i + 3*z = 30. Let b = i + -9. Calculate g(b).
-1
Suppose -2*n + 7*n = -5. Let f(u) = -4*u**3 + 12*u + 1. Let r(v) = -v**3 - v**2 + v - 1. Let o(s) = n*f(s) + 5*r(s). Determine o(-4).
6
Let x(k) = k**3 - 5*k**2 - 7*k + 6. Let v = 1 + 5. Let n be x(v). Let d(m) be the first derivative of m**2/2 - 5*m - 6. Give d(n).
-5
Suppose c - 16 = -c. Let h(l) = 2*l - l**3 - 4 + c*l**2 - 1 - 4*l**2. Suppose 0 = -2*f - 3*r + 2, -3*r = -4*f + 15 + 7. What is h(f)?
3
Let a(r) = -r**2 - r - 4. Let d = 5 + -8. Give a(d).
-10
Let h(x) = x + 13. Let f(s) = s + 12. Let g(w) = -3*f(w) + 2*h(w). Calculate g(0).
-10
Suppose 2*h + 2*j + 12 = 4, 0 = -3*h - 2*j - 13. Let d(a) be the first derivative of -a**4/4 - 5*a**3/3 + a**2/2 - 3*a - 12. Calculate d(h).
-8
Let s = 33 - 25. Let x(r) = r**2 + 3*r - 8*r + s*r. Determine x(-4).
4
Let w(x) be the first derivative of 1/3*x**3 - 3 + 0*x**2 + 0*x - 1/2*x**4. Give w(-1).
3
Let w = -15 - -17. Let l(k) = -